{"id":213,"date":"2015-08-16T12:11:16","date_gmt":"2015-08-16T10:11:16","guid":{"rendered":"http:\/\/psalmensingen.de\/?page_id=213"},"modified":"2015-08-16T12:24:03","modified_gmt":"2015-08-16T10:24:03","slug":"der-purzelbaum","status":"publish","type":"page","link":"https:\/\/psalmensingen.de\/?page_id=213","title":{"rendered":"der Purzelbaum"},"content":{"rendered":"<p><div class=\"compact_audio_player_wrapper\"><div class=\"sc_player_container1\"><input type=\"button\" id=\"btnplay_6a006e990dae98.78457494\" class=\"myButton_play\" onClick=\"play_mp3('play','6a006e990dae98.78457494','http:\/\/psalmensingen.de\/wp-content\/uploads\/2015\/08\/Purzelbaum.mp3','80','false');show_hide('play','6a006e990dae98.78457494');\" \/><input type=\"button\"  id=\"btnstop_6a006e990dae98.78457494\" style=\"display:none\" class=\"myButton_stop\" onClick=\"play_mp3('stop','6a006e990dae98.78457494','','80','false');show_hide('stop','6a006e990dae98.78457494');\" \/><div id=\"sm2-container\"><!-- flash movie ends up here --><\/div><\/div><\/div>        <script type=\"text\/javascript\" charset=\"utf-8\">\n        soundManager.setup({\n            url: \"https:\/\/psalmensingen.de\/wp-content\/plugins\/compact-wp-audio-player\/swf\/soundmanager2.swf\",\n            onready: function() {\n                var mySound = soundManager.createSound({\n                    id: \"btnplay_6a006e990dae98.78457494\",\n                    volume: \"80\",\n                    url: \"http:\/\/psalmensingen.de\/wp-content\/uploads\/2015\/08\/Purzelbaum.mp3\"\n                });\n                var auto_loop = \"false\";\n                mySound.play({\n                    onfinish: function() {\n                        if (auto_loop == \"true\") {\n                            loopSound(\"btnplay_6a006e990dae98.78457494\");\n                        } else {\n                            document.getElementById(\"btnplay_6a006e990dae98.78457494\").style.display = \"inline\";\n                            document.getElementById(\"btnstop_6a006e990dae98.78457494\").style.display = \"none\";\n                        }\n                    }\n                });\n                document.getElementById(\"btnplay_6a006e990dae98.78457494\").style.display = \"none\";\n                document.getElementById(\"btnstop_6a006e990dae98.78457494\").style.display = \"inline\";\n            },\n            ontimeout: function() {\n                \/\/ SM2 could not start. Missing SWF? Flash blocked? Show an error.\n                alert(\"Error! Audio player failed to load.\");\n            }\n        });\n        <\/script>\n         Pause \/ Play<\/p>\n<p>Ein Purzelbaum trat vor mich hin<br \/>\nund sagte: &#8220;Du nur siehst mich<br \/>\nund wei\u00dft, was f\u00fcr ein Baum ich bin:<br \/>\nIch schie\u00dfe nicht, man schie\u00dft mich.<\/p>\n<p>Und trag&#8217; ich Frucht? Ich glaube kaum;<br \/>\nauch bin ich nicht verwurzelt.<br \/>\nIch bin nur noch ein Purzeltraum,<br \/>\nsobald ich hingepurzelt.&#8221;<\/p>\n<p>Jenun, so sprach ich, bester Schatz,<br \/>\ndu bist doch klug und siehst uns;-<br \/>\nnun, auch f\u00fcr uns besteht der Satz:<br \/>\nwir schie\u00dfen nicht, es schie\u00dft uns.<\/p>\n<p>Auch Wurzeln treibt man nicht so bald,<br \/>\nund Fr\u00fcchte nun erst recht nicht.<br \/>\nGeh heim in deinen Purzelwald,<br \/>\nund l\u00e4stre dein Geschlecht nicht.<\/p>\n","protected":false},"excerpt":{"rendered":"<p>Pause \/ Play Ein Purzelbaum trat vor mich hin und sagte: &#8220;Du nur siehst mich und wei\u00dft, was f\u00fcr ein Baum ich bin: Ich schie\u00dfe nicht, man schie\u00dft mich. Und trag&#8217; ich Frucht? Ich glaube kaum; auch bin ich nicht verwurzelt. Ich bin nur noch ein Purzeltraum, sobald ich hingepurzelt.&#8221; Jenun, so sprach ich, bester [&hellip;]<\/p>\n","protected":false},"author":7,"featured_media":0,"parent":194,"menu_order":6,"comment_status":"closed","ping_status":"closed","template":"","meta":{"footnotes":""},"class_list":["post-213","page","type-page","status-publish","hentry","entry"],"_links":{"self":[{"href":"https:\/\/psalmensingen.de\/index.php?rest_route=\/wp\/v2\/pages\/213","targetHints":{"allow":["GET"]}}],"collection":[{"href":"https:\/\/psalmensingen.de\/index.php?rest_route=\/wp\/v2\/pages"}],"about":[{"href":"https:\/\/psalmensingen.de\/index.php?rest_route=\/wp\/v2\/types\/page"}],"author":[{"embeddable":true,"href":"https:\/\/psalmensingen.de\/index.php?rest_route=\/wp\/v2\/users\/7"}],"replies":[{"embeddable":true,"href":"https:\/\/psalmensingen.de\/index.php?rest_route=%2Fwp%2Fv2%2Fcomments&post=213"}],"version-history":[{"count":3,"href":"https:\/\/psalmensingen.de\/index.php?rest_route=\/wp\/v2\/pages\/213\/revisions"}],"predecessor-version":[{"id":224,"href":"https:\/\/psalmensingen.de\/index.php?rest_route=\/wp\/v2\/pages\/213\/revisions\/224"}],"up":[{"embeddable":true,"href":"https:\/\/psalmensingen.de\/index.php?rest_route=\/wp\/v2\/pages\/194"}],"wp:attachment":[{"href":"https:\/\/psalmensingen.de\/index.php?rest_route=%2Fwp%2Fv2%2Fmedia&parent=213"}],"curies":[{"name":"wp","href":"https:\/\/api.w.org\/{rel}","templated":true}]}}