{"id":215,"date":"2015-08-16T12:13:53","date_gmt":"2015-08-16T10:13:53","guid":{"rendered":"http:\/\/psalmensingen.de\/?page_id=215"},"modified":"2015-08-16T12:15:07","modified_gmt":"2015-08-16T10:15:07","slug":"auf-dem-fliegenplaneten","status":"publish","type":"page","link":"http:\/\/psalmensingen.de\/?page_id=215","title":{"rendered":"auf dem Fliegenplaneten"},"content":{"rendered":"<p><div class=\"compact_audio_player_wrapper\"><div class=\"sc_player_container1\"><input type=\"button\" id=\"btnplay_69f3a34bca4849.87600185\" class=\"myButton_play\" onClick=\"play_mp3('play','69f3a34bca4849.87600185','http:\/\/psalmensingen.de\/wp-content\/uploads\/2015\/08\/Fliegenplanet.mp3','80','false');show_hide('play','69f3a34bca4849.87600185');\" \/><input type=\"button\"  id=\"btnstop_69f3a34bca4849.87600185\" style=\"display:none\" class=\"myButton_stop\" onClick=\"play_mp3('stop','69f3a34bca4849.87600185','','80','false');show_hide('stop','69f3a34bca4849.87600185');\" \/><div id=\"sm2-container\"><!-- flash movie ends up here --><\/div><\/div><\/div>        <script type=\"text\/javascript\" charset=\"utf-8\">\n        soundManager.setup({\n            url: \"http:\/\/psalmensingen.de\/wp-content\/plugins\/compact-wp-audio-player\/swf\/soundmanager2.swf\",\n            onready: function() {\n                var mySound = soundManager.createSound({\n                    id: \"btnplay_69f3a34bca4849.87600185\",\n                    volume: \"80\",\n                    url: \"http:\/\/psalmensingen.de\/wp-content\/uploads\/2015\/08\/Fliegenplanet.mp3\"\n                });\n                var auto_loop = \"false\";\n                mySound.play({\n                    onfinish: function() {\n                        if (auto_loop == \"true\") {\n                            loopSound(\"btnplay_69f3a34bca4849.87600185\");\n                        } else {\n                            document.getElementById(\"btnplay_69f3a34bca4849.87600185\").style.display = \"inline\";\n                            document.getElementById(\"btnstop_69f3a34bca4849.87600185\").style.display = \"none\";\n                        }\n                    }\n                });\n                document.getElementById(\"btnplay_69f3a34bca4849.87600185\").style.display = \"none\";\n                document.getElementById(\"btnstop_69f3a34bca4849.87600185\").style.display = \"inline\";\n            },\n            ontimeout: function() {\n                \/\/ SM2 could not start. Missing SWF? Flash blocked? Show an error.\n                alert(\"Error! Audio player failed to load.\");\n            }\n        });\n        <\/script>\n         Pause \/ Play<\/p>\n<p>Auf dem Fliegenplaneten,<br \/>\nda geht es dem Menschen nicht gut:<br \/>\nDenn was er hier der Fliege,<br \/>\ndie Fliege dort ihm tut.<\/p>\n<p>An B\u00e4ndern voll Honig kleben<br \/>\ndie Menschen dort allesamt,<br \/>\nund andere sind zum Verleben<br \/>\nin s\u00fc\u00dfliches Bier verdammt.<\/p>\n<p>In einem nur scheinen die Fliegen<br \/>\ndem Menschen vorauszustehn:<br \/>\nMan b\u00e4ckt uns nicht in Semmeln,<br \/>\nnoch trinkt man uns aus Versehn.<\/p>\n","protected":false},"excerpt":{"rendered":"<p>Pause \/ Play Auf dem Fliegenplaneten, da geht es dem Menschen nicht gut: Denn was er hier der Fliege, die Fliege dort ihm tut. An B\u00e4ndern voll Honig kleben die Menschen dort allesamt, und andere sind zum Verleben in s\u00fc\u00dfliches Bier verdammt. In einem nur scheinen die Fliegen dem Menschen vorauszustehn: Man b\u00e4ckt uns nicht [&hellip;]<\/p>\n","protected":false},"author":7,"featured_media":0,"parent":194,"menu_order":7,"comment_status":"closed","ping_status":"closed","template":"","meta":{"footnotes":""},"class_list":["post-215","page","type-page","status-publish","hentry","entry"],"_links":{"self":[{"href":"http:\/\/psalmensingen.de\/index.php?rest_route=\/wp\/v2\/pages\/215","targetHints":{"allow":["GET"]}}],"collection":[{"href":"http:\/\/psalmensingen.de\/index.php?rest_route=\/wp\/v2\/pages"}],"about":[{"href":"http:\/\/psalmensingen.de\/index.php?rest_route=\/wp\/v2\/types\/page"}],"author":[{"embeddable":true,"href":"http:\/\/psalmensingen.de\/index.php?rest_route=\/wp\/v2\/users\/7"}],"replies":[{"embeddable":true,"href":"http:\/\/psalmensingen.de\/index.php?rest_route=%2Fwp%2Fv2%2Fcomments&post=215"}],"version-history":[{"count":2,"href":"http:\/\/psalmensingen.de\/index.php?rest_route=\/wp\/v2\/pages\/215\/revisions"}],"predecessor-version":[{"id":217,"href":"http:\/\/psalmensingen.de\/index.php?rest_route=\/wp\/v2\/pages\/215\/revisions\/217"}],"up":[{"embeddable":true,"href":"http:\/\/psalmensingen.de\/index.php?rest_route=\/wp\/v2\/pages\/194"}],"wp:attachment":[{"href":"http:\/\/psalmensingen.de\/index.php?rest_route=%2Fwp%2Fv2%2Fmedia&parent=215"}],"curies":[{"name":"wp","href":"https:\/\/api.w.org\/{rel}","templated":true}]}}